 be the first derivative of -r**2 + 2*r - 724. Determine t(d).
-2
Let c(o) = -2*o + 90 - 89 - 8*o**3 + 0*o + o**2 - 5*o**3. What is c(1)?
-13
Let l = -80 + 87. Let u(q) = -16*q - 8 + l + 15*q. Calculate u(2).
-3
Let w(r) = r**3 - 8*r**2 - 5*r - 32. Let l be w(9). Let d(v) = -2. Let x = -2 - -5. Let m(a) = -a + 2. Let b(t) = x*d(t) + 4*m(t). Calculate b(l).
-14
Let k = 10/7 - -1/14. Let r(t) be the second derivative of 0 - k*t**2 - 3*t + 1/12*t**4 - t**3. Give r(6).
-3
Let o = -18 - -18. Suppose 10*p - 12*p + 10 = o. Let m(c) = c**2 - 5*c - 5. Determine m(p).
-5
Let p(w) = 3*w**3 + 4*w**2 + w - 2. Suppose -y + 2 = 4. Give p(y).
-12
Let q be 4/6*(-36)/(-8). Let s(c) = 2*c**3 + c**2 - 1. Let g be s(1). Let r(a) = g*a - 11 + 3*a + 11. What is r(q)?
15
Let i = -6 + 9. Let k(r) = r**3 - 3*r + 1. Let c be k(2). Let v(d) = -c*d + 3*d + 3 - d - d. Give v(i).
-3
Let n(t) = -16 + 6*t + 11 - 35 + 16 - 41. Give n(13).
13
Let b(d) = 4*d - 4. Let i(p) = p**2 - p - 63. Let h be i(-8). What is b(h)?
32
Suppose 2*z = 30 + 16. Suppose 0 = -2*g + 5*j + 26, g - j - z = 4*j. Let v(d) = -d**2 + d + 2. What is v(g)?
-4
Let v(q) = 22*q + 28. Let n be v(-1). Let y(t) = t**2 - 7*t + 11. Calculate y(n).
5
Let s(g) = 5*g**2 - 10*g + 4. Let i(q) = -3 + 0 + 10*q + 9*q - 9*q**2 - 5. Let a(d) = 4*i(d) + 7*s(d). Determine a(5).
1
Let x(f) = 3*f**2 - 5*f - 2. Let s be x(4). Let c = -30 + s. Let y(n) = -n**2 - 3*n + 4. Calculate y(c).
0
Suppose -12 = 5*o + 8. Suppose 2*k = 3*k - 2, 3*h - 3*k + 3 = 0. Let c(b) = -b - h - 2 + 8 + 0*b. Determine c(o).
9
Suppose 4*o = -9 - 19. Let r(u) = 4*u**3 - 21*u**2 + u - 12. Let g(z) = -3*z**3 + 14*z**2 - z + 9. Let w(s) = -7*g(s) - 5*r(s). Calculate w(o).
-17
Let k(m) be the second derivative of -m**5/20 - 2*m**4/3 + m**3/6 + 5*m**2 - 12*m. Calculate k(-8).
2
Let v be ((-8)/(-14))/((-14)/(-49)). Suppose v*k + 3 = 3*k. Let c be 2/(-4)*-12 - k. Let o(t) = -t**2 - 2*t + 4. Give o(c).
-11
Let n(a) = -a. Suppose 0 = -3*o + 3*g + 177 + 3, -237 = -4*o + g. Let u = 56 - o. What is n(u)?
3
Let v(o) = -o**3 - 19*o**2 - 11*o - 9. Let j(a) = -2*a**3 - 34*a**2 - 21*a - 18. Let f(z) = -3*j(z) + 5*v(z). Determine f(-6).
-3
Suppose 191*c = 178*c. Let y(u) = -u - 22. What is y(c)?
-22
Let c(h) = -4*h**3 - h**2 - 5*h + 4. Let z(b) = b**3 - b**2 + b - 1. Let q(p) = c(p) + 5*z(p). Suppose o - 9*l = -7*l + 8, -l - 31 = -5*o. Calculate q(o).
-1
Let t(n) = 2*n - 13. Let j(g) = -20 - 13 + 26 + g. Let i(c) = 5*j(c) - 3*t(c). What is i(0)?
4
Let c(l) = -7*l**2 + 4*l + 2. Let b(o) = 8*o**2 - 5*o - 2. Let v be (2 - (-5)/(-1)) + -3. Let u(i) = v*b(i) - 7*c(i). What is u(-3)?
1
Suppose 4*k - 2*n - 8 = 0, 4*k + 7*n = 4*n + 8. Suppose -2*b - k = 2*a, -3 = a + b + 2*b. Let j(y) = -y**2 - 15. Give j(a).
-15
Let a(j) = -j - 1. Let g(o) = -8*o - 11. Let h(p) = -6*a(p) + g(p). Let l = 12 + -16. What is h(l)?
3
Let r(a) = -a**2 + 2*a + 2. Suppose 2*j + 5*j = 14. Suppose j*m + 8 = -0*m - 2*l, -5*l = 5. Give r(m).
-13
Let z = 17 + 17. Let c(p) = p**3 - z + 30 + 7*p + 3*p**2 + 4*p**2 - 2*p. Suppose 0 = -3*f + 2*u - 26, 2*f + u + u = -4. Determine c(f).
2
Let o(p) = p**3 - 3*p**2 - 2*p - 5. Let v = 50 + 15. Let g be -57 + v - ((-8)/(-2) - 0). Determine o(g).
3
Let c(s) be the third derivative of 24*s**2 - 1/24*s**4 + 1/30*s**6 + 0 + 1/60*s**5 + 0*s + 1/6*s**3. Calculate c(1).
5
Let p = 80 - 54. Let s be 92/(-9) + p/117. Let m = -4 - s. Let c(j) = j**2 - 6*j + 3. Determine c(m).
3
Let z(o) = -2 - 2*o + 2 + 6*o + 1. Suppose 15 = -t - 4*g - 4, 3*t - 2*g - 13 = 0. What is z(t)?
5
Let v(h) = -11*h**3 + h**2. Suppose 66 = 31*u + 35*u. Calculate v(u).
-10
Suppose -6*q - 4 = -o - q, 2*q = -4*o + 16. Let y(n) = -n**2 + n + 4. Give y(o).
-8
Let i be 4/(-22) + (-39)/(-33). Let v be (-2 + i)*152/(-8). Let g(c) = 3*c - 5*c + 26 + c - v. Calculate g(0).
7
Let n(w) = 5*w**2 - 2*w - 1. Let d be n(-1). Let g(l) = 4 - l + d*l + l**2 + 0. Let s be (3 + 36/108)/((-4)/6). Calculate g(s).
4
Let k(o) = o**2 + 2*o. Let g = -37 - -36. Calculate k(g).
-1
Let t = 1583 + -1588. Let z = 2 + -1. Let g(x) = -x**2 + z + 3 - 5*x + 0. Give g(t).
4
Let d(p) = -2*p. Suppose -4*y + 43 = -93. Suppose 0*g + y = 5*n + 2*g, -n - 2*g = -10. Calculate d(n).
-12
Let l(q) = q**2 + 5*q - 4. Let a = -5 + 7. Let k be (-20)/(-6)*6/4. Suppose -k*t - 22 = -0*z + z, a*z - 16 = 5*t. Determine l(t).
-8
Let x be -1 - (-5 - (-1 + -1)). Let y(f) = 1 + 73*f + 99*f + 0 - 175*f. What is y(x)?
-5
Let g(p) = -3*p**3 - p**2 - p. Suppose -4*d = -281 + 225. Let q be -1 - 7*2*1. Let i = d + q. What is g(i)?
3
Suppose -13 = -3*g + 11. Let n be (-8)/(-10)*(11/(-2) + g). Let d(r) = 3*r + r**2 + 0 + r**3 + r - 3. Calculate d(n).
17
Let u(f) = f**2 + 6*f - 6. Suppose 0 = 4*q - 12*b + 7*b + 18, q = 2*b - 3. What is u(q)?
1
Let b = 116 + -113. Let d(u) = b*u**3 - 2 + 13*u**3 + 6*u**3 - 23*u**3 - 3*u**2. Give d(-3).
-2
Let z(q) = q**3 - q**2 + 2*q - 1. Let u be ((-3)/(-3) + 3)*(-4)/(-8). Suppose -9 = -u*m - 5. What is z(m)?
7
Let z be (39/3 - 5) + -6. Let n(j) = -3*j**2 + 3*j. Determine n(z).
-6
Let r(y) = y**3 + y**2 - y - 16. Let t be (-3 - (-1 + -2))/1. Suppose 3*p + 6 = l + 3*l, -3*l + 5*p + 10 = t. What is r(l)?
-16
Let p be 22/77 - 95/(-35). Let c(r) be the second derivative of 7*r + 0*r**2 - 1/3*r**p + 0. Determine c(-5).
10
Suppose 26*s - 41*s = 105. Let n(t) = -4*t + 4. Let f(b) = 5*b - 3. Let p(m) = -5*f(m) - 6*n(m). Give p(s).
-2
Let a(z) be the second derivative of 2*z + 1/2*z**3 + 0 + 3/2*z**2. Let r(n) = 2*n**2 + 14*n + 7. Let w be r(-6). Determine a(w).
-12
Let b(m) = -m**3 + 9*m**2 + 2. Let s(p) = p + 2 + 2*p**3 - 7*p**2 + p**3 + 9*p**3 - 11*p**3. Let f be s(7). Determine b(f).
2
Let v be (((-16)/6)/(-4))/(9/27). Let a = -5 + 10. Let w(b) = -a + 0 + b - v. Give w(4).
-3
Suppose 8*l = 4*l - 160. Let i = l + 39. Let u(b) = 8*b**3 + b**2. Determine u(i).
-7
Let j(m) = -2 + 4*m - 9*m**3 - 2*m**3 + 9*m**3 - 7*m**2 + 4. Let a be j(-4). Let r(l) = -l**3 + l**2 + l - 2. Determine r(a).
-4
Let o(k) = k**2 - k + 17. Let x(r) = -r**2 + 10*r - 16. Let l be x(8). Calculate o(l).
17
Let y(w) = 4*w. Let f(c) = 2*c + 5. Let l be f(4). Let h(n) = -n**3 - 16*n**2 + 16*n - 5. Let s be h(-17). Let p = l - s. What is y(p)?
4
Let r(q) = -q**3 - 4*q**2 - 2*q - 3. Let o be r(-3). Let y(d) be the second derivative of 2*d**2 + 0 + 5/12*d**4 + 1/20*d**5 + 6*d - 7/6*d**3. What is y(o)?
10
Let b = 64 + -60. Let m = b + 3. Let z(i) = -i**3 + 8*i**2 - 6*i - 8. Calculate z(m).
-1
Let k(w) = -2*w**2 + w**3 - 10 - 4*w - 9 + 21. What is k(3)?
-1
Let g(c) be the third derivative of c**4/24 - c**3/6 - c**2 - 51*c. Give g(0).
-1
Let u be (-24 - -24)*(-2)/4. Suppose u = 13*t + 62 + 29. Let n(c) = -c**3 - 8*c**2 - 8*c - 5. Calculate n(t).
2
Let p(v) be the third derivative of 0*v - 1/20*v**6 - 1/30*v**5 - 1/6*v**3 - 1/12*v**4 + 21*v**2 + 0. Determine p(-1).
5
Let x(q) = -9*q + 2*q + 5*q**2 + 4*q**2 - 1 - 11*q**2. Calculate x(-5).
-16
Let r = 20 + -16. Let h(v) = -1 - v + 3*v - r*v. Calculate h(3).
-7
Let w(a) = -8*a**3 - 95*a**2 + 10*a - 45. Let f be w(-12). Let r(d) = d**2 + 20*d - 20. Give r(f).
1
Let s be ((-12)/(-10))/(12/(-40)). Let u(g) = g**2 + 9*g - 15. Let n(x) = -2*x**2 - 17*x + 26. Let r(a) = 4*n(a) + 7*u(a). What is r(s)?
3
Suppose 2 = t - 3. Suppose t*h = -m - 0*h + 26, -m = 4*h - 21. Let o(k) = -6*k + 1. Determine o(m).
-5
Let k(m) = m - 7. Let q(u) = -2*u**2 - 9*u + 3. Let x(a) = -a - 4. Let i be x(0). Let o be q(i). Give k(o).
0
Let b(t) = -4*t**3 + t**2 + 4*t - 3. Let x = 196 - 194. What is b(x)?
-23
Let l(n) = -n**3 + 5*n**2 - 4*n - 3. Suppose 12*m + 28 = 19*m. Calculate l(m).
-3
Let v be (-27)/(-6) - 1/(-2). Let z(d) = 9*d. Let f(l) = -47*l + 4. Let h(m) = f(m) + 5*z(m). Calculate h(v).
-6
Let k(r) = -r - 26. Let c be k(7). Let w = 26 + c. Let p(u) = 2*u + 8. Give p(w).
-6
Let j = 9 + -8. Let o(h) be the third derivative of h**7/1680 + h**6/720 - h**5/15 + 2*h**2. Let y(r) be the third derivative of o(r). What is y(j)?
4
Let b(j) = 25*j. Let r = -128 + 127. Give b(r).
-25
Let y be 3 - 5 - -1 - -4. Suppose -3 - y = -2*v. Suppose 0 = 2*z + v*d - 3 - 3, -4*z + 5*d = -34. Let h(l) = l**2 - 7*l + 5. What is h(z)?
-1
Let s(c) = -2*c + 3. Let b(v) = -7*v + 48. Let a be b(6). Suppose -2*d = -5*d + a. What is s(d)?
-1
Let i(a) be the second derivative of -a**4/12 +